(-2)/(s/(-55)*-1) is divided by 5.
0
Let z = -284 + 351. Suppose q = 5*g + z, -105 = 5*q - 3*g - 374. Calculate the remainder when 95 is divided by q.
43
Suppose 4*t + 5*h + 295 = 0, 370 = -5*t + 5*h + 35. Let f = 123 + t. What is the remainder when 99 is divided by f?
46
Let c = 1840 + 257. What is the remainder when c is divided by 84?
81
Let w = 1801 - -261. Calculate the remainder when w is divided by 43.
41
Suppose -88 = 5*q - 177 - 61. Suppose -102 = -10*u + 4*u. Calculate the remainder when q is divided by u.
13
Let p(i) = 39*i**2 + 8*i - 7. Let o be p(-3). Suppose 0 = -12*y + 17*y - o. Suppose 0 = -5*a + 164 - y. Calculate the remainder when a is divided by 11.
9
Let k be 1/(2 + -3) + 1 + 4. Suppose 0 = -0*a - k*a + 256. Suppose 4*g - 47 = -0*g + 5*v, -5*g + v = -a. Calculate the remainder when 38 is divided by g.
12
What is the remainder when ((-70)/1)/10 + 69378/3 is divided by 16?
15
Suppose -834*c + 840*c - 96 = 0. Suppose -h = -3*q + 4*h + 237, -5*q - 4*h = -395. What is the remainder when q is divided by c?
15
Suppose -9*q = 160 - 718. Let c(l) = 23*l + 16. Let a be c(4). Suppose -5*d + a = -0*d + o, -d - 3*o + 30 = 0. What is the remainder when q is divided by d?
20
Suppose 107 = 7*f - 4*j, -5*f + j - 12 + 107 = 0. Suppose 1665 = -g + 6*g. What is the remainder when g is divided by f?
18
Let a(l) = -4*l + 3. Let r(w) be the second derivative of w**4/12 - 4*w**3 - 161*w**2/2 + 46*w. What is the remainder when r(31) is divided by a(-4)?
18
Suppose -17*u + 8272 = 5*u + 22*u. Calculate the remainder when u is divided by 63.
62
Let k(i) = 3*i**3 - 47*i**2 + 25*i - 20. Calculate the remainder when 1290 is divided by k(16).
18
Suppose -41*t + 23163 + 19682 = 0. What is the remainder when 3147 is divided by t?
12
Let o(t) = -2*t**3 - 5*t**2 - 13*t + 4. Calculate the remainder when 204 is divided by o(-5).
10
Let c(f) = f**2 + 11*f + 35. Let p be c(-4). Calculate the remainder when 28 is divided by -2 + 5 - (-14 + p).
8
Suppose 0 = -f - 2*v - 3, 5*f = -2*v + 4*v + 21. Let y(x) = x + 30. What is the remainder when 95 is divided by y(f)?
29
Suppose 2*v - 3 = -4*j + 65, 5*j - 5*v - 100 = 0. What is the remainder when j is divided by 4 + 40 + -35 + 4*-1?
3
Let r = 262 - 192. Calculate the remainder when 268 is divided by r.
58
Suppose 14*z + 103 = -205. Let l = 18 + z. Let f(j) = 5*j**2 - 2*j + 4. What is the remainder when f(l) is divided by 47?
45
Suppose 84 - 246 = -2*a. Let k(c) = -17 - 17*c**2 - 1 - 1 + 18*c**2. What is the remainder when a is divided by k(6)?
13
Let c = -8342 - -8465. Calculate the remainder when 235 is divided by c.
112
Suppose 4*o - u = -101, -81 = 3*o + u - 0*u. Let c be (-65)/o*16/10. Calculate the remainder when 56 is divided by c - (-2 - (-13)/(-1)).
18
Let p(u) = -39*u**3 - u**2 - 5*u + 10. Let d be p(2). Let c = d + 363. What is the remainder when c is divided by 18?
11
What is the remainder when 66 is divided by (8 + 0)/(-4) + 52 - -9?
7
Let x(m) = -m**3 - 3*m**2 + 9*m + 9. Suppose -5 = -3*d + 4. Suppose 12 = 4*j + r, 3*r = -j + 4*r + d. Calculate the remainder when x(-5) is divided by j.
2
Let n(b) = -10*b**3 + 2*b**2 + b. Suppose -26*z - 1680 = -30*z. Suppose -g = 3*i - 96, 4*g - 3*i = 8*g - z. What is the remainder when g is divided by n(-1)?
9
Suppose 2*c = 2, -2*r - c = -3*c + 6. Let q be ((1 - 1) + 2)/r - -14. Let k = q + 3. Calculate the remainder when 62 is divided by k.
14
Calculate the remainder when 580 is divided by ((-11736)/(-60))/((-4)/(-10) + 3/15).
254
Suppose -3*d - 116 = -5*m, 6*m - 4*d + 4521 - 4659 = 0. Calculate the remainder when (-45)/(-2)*22/3 is divided by m.
15
Let g(z) = -44*z + 37. Let o be g(13). Let n = -353 - o. Let q(f) = -9*f + 1. Calculate the remainder when n is divided by q(-4).
34
What is the remainder when 220 is divided by (39200/700)/((-2)/4 - -1)?
108
Suppose 2*y = 12, 2*y + 576 = -4*t + 808. Calculate the remainder when 86 is divided by t.
31
Let v = -72 - -272. Suppose -k + 28 = -5*m, -5*m - v = 4*k - 9*k. Calculate the remainder when 87 is divided by k/2 - 3/(-6).
21
Let h = 42 + -32. Suppose -h = -2*a, a + 1 = -5*g + 16. Suppose 0 = -g*b - 3*b + 150. Calculate the remainder when b is divided by 18.
12
Let y(g) = 138*g - 67. Let i be y(3). Suppose -351*j = -i*j - 548. What is the remainder when j is divided by 37?
26
What is the remainder when 508 is divided by (-2169)/(-18) - (-6)/(-4)?
32
Suppose 6 = -69*l + 66*l, 9*l = 2*m - 154. What is the remainder when 677 is divided by m?
65
Let g = 85 + -77. Let j be g/10*1*(102 - 12). Let z = 81 - j. Calculate the remainder when 22 is divided by z.
4
Let w = -44661 - -44760. Let f(g) = 16*g + 1. What is the remainder when w is divided by f(1)?
14
Suppose -32233 - 31518 = -155*t + 4449. What is the remainder when t is divided by 50?
40
Suppose 5*p - 274 = -24. Suppose 0 = 10*r - 6*r + 16. What is the remainder when 67 is divided by (-5)/(p/36)*(r + -1)?
13
Let s = 103 + -78. Suppose -33*h = -s*h - 1688. Let b = h - 140. Calculate the remainder when b is divided by 36.
35
Let i(b) = 176*b + 1603. Calculate the remainder when 505 is divided by i(-9).
11
Let j = 16998 - 16656. What is the remainder when j is divided by 25?
17
Let d(j) = j**3 + 8*j**2 - 19*j + 15. Let n be d(-10). Suppose -h = -n*z + 96, 4*z - 7*z + 64 = h. Calculate the remainder when 119 is divided by z.
19
Let s(t) = t**3 + t**2 - t. Let g(k) = 4*k**3 + 4*k**2 - k - 3. Let a(f) = g(f) - 3*s(f). What is the remainder when a(2) is divided by -1*4*(2 - 3)?
1
Suppose -10*x = -8*x + 12, -3*j + 3*x = -51. Calculate the remainder when 382 is divided by j.
8
Let a = 33 + -30. Suppose 5*k = 2*w - 59, -a*w + k = 2*k - 97. What is the remainder when 39 is divided by w?
7
Let c(s) = 9*s - 279. Let w be c(33). Calculate the remainder when 47 is divided by 42/4 + 3/w*-3.
7
Let s(a) = 4*a**2 - 308*a + 75. What is the remainder when (-295)/(-1) + 9/((-81)/36) is divided by s(77)?
66
What is the remainder when (-428)/(32/(-144) + (-160)/90) is divided by 24?
22
Calculate the remainder when 386 is divided by (-2808)/1521 - (-2)/(-13) - -378.
10
Calculate the remainder when 1468 is divided by 15 - (2 + (-10 - 2)).
18
Let n(w) = 2627*w + 26354. What is the remainder when n(-10) is divided by (-1)/2*(-57 + -1)?
26
What is the remainder when 467 is divided by (-14)/(-147)*549 - ((-153)/(-21) + -7)?
51
Let j = -226 - -231. Suppose -j = a, 4*k = 2*a + 298 + 1100. What is the remainder when k is divided by 58?
57
Let p be (-89)/4 - (-8 + (-140)/(-16)). Let d = 6 - p. Calculate the remainder when 44 is divided by d.
15
Suppose -d + 4*d + 81 = 0. Let o = d - -30. Suppose -o*u + 100 = -u. Calculate the remainder when u is divided by 17.
16
What is the remainder when 581/(-166)*11/((-154)/10284) is divided by 78?
75
Suppose l - 48 = -p + 6*p, -3*l = -3*p - 72. What is the remainder when 1239 is divided by l?
15
Let t(l) = 5 + 16*l - 40*l + 30*l. What is the remainder when 161 is divided by t(6)?
38
Suppose 206 = -10*y + 996. Suppose 31 = 11*h - y. Suppose -2*u - 5*w = -17, -u - w + h = -0*u. Calculate the remainder when u is divided by 9.
2
Suppose 0 = 6*x - 15523 - 1157. Calculate the remainder when x is divided by 279.
269
Suppose 0 = -30*q - 22*q - 5044. Let c = -84 - q. Suppose 5*u - 43 - 22 = 0. What is the remainder when u is divided by c?
0
Suppose -25*t - 11*t = -19*t - 47379. What is the remainder when t is divided by 18?
15
Suppose 1751 = h - f, -10*h - 8*f = -8*h - 3442. What is the remainder when h is divided by 93?
71
Suppose 5*s = -3*q + 66, 0*s + 5*s = 2*q - 44. Let c(a) = -168*a + 705. Calculate the remainder when c(4) is divided by q.
11
Let o = 134 + -90. Suppose -15*m = -o - 646. What is the remainder when m is divided by 28?
18
Let n = -95 + 61. Suppose -2*s + 74 = -124*f + 122*f, -2*f + 2 = 0. Let k = n + s. Calculate the remainder when 14 is divided by k.
2
Let x(w) = -29*w**3 + 1. Calculate the remainder when (-166)/(-4)*(270/(-225))/(9/(-15)) is divided by x(-1).
23
Let m = 22593 - 17853. What is the remainder when m is divided by 43?
10
Let r = -4502 + 4543. What is the remainder when 49 is divided by r?
8
Let k(x) = -2*x**3 - 5*x**2 + 3*x + 9. Let r be k(-2). What is the remainder when r/(11/(198/(-12)))*22 is divided by 9?
6
Let n be -4 + (-5 - (4 + -123)